{"id":256,"date":"2016-11-14T13:32:50","date_gmt":"2016-11-14T13:32:50","guid":{"rendered":"http:\/\/limongi.adv.br\/main\/?page_id=256"},"modified":"2017-03-30T15:50:47","modified_gmt":"2017-03-30T15:50:47","slug":"samia-silva-de-paula","status":"publish","type":"page","link":"http:\/\/limongi.adv.br\/main\/profissionais\/samia-silva-de-paula","title":{"rendered":"Samia Silva de Paula"},"content":{"rendered":"[vc_row][vc_column width=&#8221;1\/3&#8243;][vc_single_image image=&#8221;279&#8243;][\/vc_column][vc_column width=&#8221;2\/3&#8243;]<div class=\"vcex-module vcex-heading wpex-text-2xl wpex-font-normal wpex-m-auto wpex-max-w-100 vcex-heading-plain wpex-block\" style=\"font-family:Palatino Linotype, Book Antiqua, Palatino, serif;font-size:45px;\"><span class=\"vcex-heading-inner wpex-inline-block wpex-clr\">Samia Silva de Paula<\/span><\/div>[vc_column_text css=&#8221;.vc_custom_1479131977783{padding-bottom: 20px !important;}&#8221;]Graduada em Administra\u00e7\u00e3o Gest\u00e3o de Com\u00e9rcio Exterior pela Universidade Paulista &#8211; UNIP em 2008.<\/p>\n<p>Graduanda em Direito pela Universidade Paulista \u2013 UNIP, previs\u00e3o de conclus\u00e3o em 2019.<\/p>\n<p>Atua nas \u00e1reas: Gest\u00e3o Administrativa e Financeira.[\/vc_column_text][vc_column_text]Contato:\u00a0<a href=\"mailto:samia@limongi.adv.br\" target=\"_blank\">samia@limongi.adv.br<\/a>[\/vc_column_text][\/vc_column][\/vc_row][vc_row full_width=&#8221;stretch_row&#8221; css=&#8221;.vc_custom_1476883216158{background-color: #fef9e7 !important;}&#8221;][vc_column][vc_empty_space height=&#8221;64px&#8221;][vc_row_inner][vc_column_inner width=&#8221;1\/12&#8243;][\/vc_column_inner][vc_column_inner width=&#8221;10\/12&#8243;][\/vc_column_inner][vc_column_inner width=&#8221;1\/12&#8243;][\/vc_column_inner][\/vc_row_inner][vc_row_inner][vc_column_inner width=&#8221;1\/12&#8243;][\/vc_column_inner][vc_column_inner width=&#8221;2\/12&#8243;][vc_single_image image=&#8221;243&#8243; onclick=&#8221;custom_link&#8221; link=&#8221;http:\/\/limongi.adv.br\/main\/profissionais\/celso-limongi&#8221;][vc_column_text]\n<p style=\"text-align: center;\">Celso Limongi<\/p>\n[\/vc_column_text][\/vc_column_inner][vc_column_inner width=&#8221;2\/12&#8243;][vc_single_image image=&#8221;244&#8243; add_caption=&#8221;yes&#8221; onclick=&#8221;custom_link&#8221; link=&#8221;http:\/\/limongi.adv.br\/main\/profissionais\/viviane-limongi&#8221;][vc_column_text]\n<p style=\"text-align: center;\">Viviane Cristina S. Limongi<\/p>\n[\/vc_column_text][\/vc_column_inner][vc_column_inner width=&#8221;2\/12&#8243;][vc_single_image image=&#8221;242&#8243; onclick=&#8221;custom_link&#8221; link=&#8221;http:\/\/limongi.adv.br\/main\/profissionais\/cintia-limongi&#8221;][vc_column_text]\n<p style=\"text-align: center;\">C\u00edntia Maria S. Limongi<\/p>\n[\/vc_column_text][\/vc_column_inner][vc_column_inner width=&#8221;2\/12&#8243;][vc_single_image image=&#8221;246&#8243; onclick=&#8221;custom_link&#8221; link=&#8221;http:\/\/limongi.adv.br\/main\/profissionais\/laura-da-cunha-varella&#8221;][vc_column_text]\n<p style=\"text-align: center;\">Laura Varella<\/p>\n[\/vc_column_text][\/vc_column_inner][vc_column_inner width=&#8221;1\/12&#8243;][\/vc_column_inner][\/vc_row_inner][\/vc_column][\/vc_row]\n","protected":false},"excerpt":{"rendered":"<p>[vc_row][vc_column width=&#8221;1\/3&#8243;][vc_single_image image=&#8221;279&#8243;][\/vc_column][vc_column width=&#8221;2\/3&#8243;][vc_column_text css=&#8221;.vc_custom_1479131977783{padding-bottom: 20px !important;}&#8221;]Graduada em Administra\u00e7\u00e3o Gest\u00e3o de Com\u00e9rcio Exterior pela Universidade Paulista &#8211; UNIP em 2008. Graduanda em Direito pela Universidade Paulista \u2013 UNIP, previs\u00e3o de conclus\u00e3o em 2019. Atua nas \u00e1reas: Gest\u00e3o Administrativa e Financeira.[\/vc_column_text][vc_column_text]Contato:\u00a0samia@limongi.adv.br[\/vc_column_text][\/vc_column][\/vc_row][vc_row&hellip;<\/p>\n","protected":false},"author":3,"featured_media":0,"parent":7,"menu_order":0,"comment_status":"closed","ping_status":"closed","template":"","meta":[],"_links":{"self":[{"href":"http:\/\/limongi.adv.br\/main\/wp-json\/wp\/v2\/pages\/256"}],"collection":[{"href":"http:\/\/limongi.adv.br\/main\/wp-json\/wp\/v2\/pages"}],"about":[{"href":"http:\/\/limongi.adv.br\/main\/wp-json\/wp\/v2\/types\/page"}],"author":[{"embeddable":true,"href":"http:\/\/limongi.adv.br\/main\/wp-json\/wp\/v2\/users\/3"}],"replies":[{"embeddable":true,"href":"http:\/\/limongi.adv.br\/main\/wp-json\/wp\/v2\/comments?post=256"}],"version-history":[{"count":9,"href":"http:\/\/limongi.adv.br\/main\/wp-json\/wp\/v2\/pages\/256\/revisions"}],"predecessor-version":[{"id":376,"href":"http:\/\/limongi.adv.br\/main\/wp-json\/wp\/v2\/pages\/256\/revisions\/376"}],"up":[{"embeddable":true,"href":"http:\/\/limongi.adv.br\/main\/wp-json\/wp\/v2\/pages\/7"}],"wp:attachment":[{"href":"http:\/\/limongi.adv.br\/main\/wp-json\/wp\/v2\/media?parent=256"}],"curies":[{"name":"wp","href":"https:\/\/api.w.org\/{rel}","templated":true}]}}